{"id":8355,"date":"2025-02-05T19:36:01","date_gmt":"2025-02-05T18:36:01","guid":{"rendered":"https:\/\/vitamin-guru.de\/?post_type=product&#038;p=8355"},"modified":"2025-10-18T03:22:39","modified_gmt":"2025-10-18T01:22:39","slug":"augen-forte-komplex-i-augen-vitamine-mit-lutein-zeaxanthin-vitamin-e-vitamin-c-algenextrakt","status":"publish","type":"product","link":"https:\/\/vitamin-guru.de\/?product=augen-forte-komplex-i-augen-vitamine-mit-lutein-zeaxanthin-vitamin-e-vitamin-c-algenextrakt","title":{"rendered":"Augen Forte Komplex I Augen-Vitamine mit Lutein &#038; Zeaxanthin + Vitamin E + Vitamin C + Algenextrakt"},"content":{"rendered":"<div class=\"a-section content\">\n<h4><img fetchpriority=\"high\" decoding=\"async\" class=\"alignnone size-full wp-image-8358\" src=\"https:\/\/vitamin-guru.de\/wp-content\/uploads\/2025\/02\/a563b1a5-f1d0-4054-9c6f-61b4fdf3a825.__CR0019401200_PT0_SX970_V1___.jpg\" alt=\"\" width=\"970\" height=\"600\" srcset=\"https:\/\/vitamin-guru.de\/wp-content\/uploads\/2025\/02\/a563b1a5-f1d0-4054-9c6f-61b4fdf3a825.__CR0019401200_PT0_SX970_V1___.jpg 970w, https:\/\/vitamin-guru.de\/wp-content\/uploads\/2025\/02\/a563b1a5-f1d0-4054-9c6f-61b4fdf3a825.__CR0019401200_PT0_SX970_V1___-300x186.jpg 300w, https:\/\/vitamin-guru.de\/wp-content\/uploads\/2025\/02\/a563b1a5-f1d0-4054-9c6f-61b4fdf3a825.__CR0019401200_PT0_SX970_V1___-768x475.jpg 768w, https:\/\/vitamin-guru.de\/wp-content\/uploads\/2025\/02\/a563b1a5-f1d0-4054-9c6f-61b4fdf3a825.__CR0019401200_PT0_SX970_V1___-700x433.jpg 700w, https:\/\/vitamin-guru.de\/wp-content\/uploads\/2025\/02\/a563b1a5-f1d0-4054-9c6f-61b4fdf3a825.__CR0019401200_PT0_SX970_V1___-600x371.jpg 600w\" sizes=\"(max-width: 970px) 100vw, 970px\" \/><\/h4>\n<\/div>\n<p><img decoding=\"async\" class=\"alignnone size-full wp-image-8356\" src=\"https:\/\/vitamin-guru.de\/wp-content\/uploads\/2025\/02\/1db2dd91-a3d8-4020-9d7f-3271a47cd0cc.__CR0019401200_PT0_SX970_V1___.jpg\" alt=\"\" width=\"970\" height=\"600\" srcset=\"https:\/\/vitamin-guru.de\/wp-content\/uploads\/2025\/02\/1db2dd91-a3d8-4020-9d7f-3271a47cd0cc.__CR0019401200_PT0_SX970_V1___.jpg 970w, https:\/\/vitamin-guru.de\/wp-content\/uploads\/2025\/02\/1db2dd91-a3d8-4020-9d7f-3271a47cd0cc.__CR0019401200_PT0_SX970_V1___-300x186.jpg 300w, https:\/\/vitamin-guru.de\/wp-content\/uploads\/2025\/02\/1db2dd91-a3d8-4020-9d7f-3271a47cd0cc.__CR0019401200_PT0_SX970_V1___-768x475.jpg 768w, https:\/\/vitamin-guru.de\/wp-content\/uploads\/2025\/02\/1db2dd91-a3d8-4020-9d7f-3271a47cd0cc.__CR0019401200_PT0_SX970_V1___-700x433.jpg 700w, https:\/\/vitamin-guru.de\/wp-content\/uploads\/2025\/02\/1db2dd91-a3d8-4020-9d7f-3271a47cd0cc.__CR0019401200_PT0_SX970_V1___-600x371.jpg 600w\" sizes=\"(max-width: 970px) 100vw, 970px\" \/><\/p>\n<div class=\"a-section content\">\n<h4><img decoding=\"async\" class=\"alignnone size-full wp-image-8359\" src=\"https:\/\/vitamin-guru.de\/wp-content\/uploads\/2025\/02\/12bd4aa4-ef7a-4600-a039-f96dcfd4cc67.__CR0019401200_PT0_SX970_V1___-1.jpg\" alt=\"\" width=\"970\" height=\"600\" srcset=\"https:\/\/vitamin-guru.de\/wp-content\/uploads\/2025\/02\/12bd4aa4-ef7a-4600-a039-f96dcfd4cc67.__CR0019401200_PT0_SX970_V1___-1.jpg 970w, https:\/\/vitamin-guru.de\/wp-content\/uploads\/2025\/02\/12bd4aa4-ef7a-4600-a039-f96dcfd4cc67.__CR0019401200_PT0_SX970_V1___-1-300x186.jpg 300w, https:\/\/vitamin-guru.de\/wp-content\/uploads\/2025\/02\/12bd4aa4-ef7a-4600-a039-f96dcfd4cc67.__CR0019401200_PT0_SX970_V1___-1-768x475.jpg 768w, https:\/\/vitamin-guru.de\/wp-content\/uploads\/2025\/02\/12bd4aa4-ef7a-4600-a039-f96dcfd4cc67.__CR0019401200_PT0_SX970_V1___-1-700x433.jpg 700w, https:\/\/vitamin-guru.de\/wp-content\/uploads\/2025\/02\/12bd4aa4-ef7a-4600-a039-f96dcfd4cc67.__CR0019401200_PT0_SX970_V1___-1-600x371.jpg 600w\" sizes=\"(max-width: 970px) 100vw, 970px\" \/><br \/>\nWarnhinweise<\/h4>\n<p>&nbsp;<\/p>\n<p>Bei Raumtemperatur (max. 25 \u00b0C), trocken und lichtgesch\u00fctzt lagern. Nahrungserg\u00e4nzungsmittel sind kein Ersatz f\u00fcr abwechslungsreiche und ausgewogene Ern\u00e4hrung. Achten Sie auf eine gesunde Lebensweise. Empfohlene Tagesdosis nicht \u00fcberschreiten. Au\u00dferhalb der Reichweite von kleinen Kindern aufbewahren. Dem Produkt wurde keinerlei tierisches Eiwei\u00df, Gluten, Hefe oder Lactose zugef\u00fcgt und es ist f\u00fcr Milchallergiker geeignet. Auf die weitere Einnahme zinkhaltiger Nahrungserg\u00e4nzungsmittel sollte verzichtet werden.<\/p>\n<p>&nbsp;<\/p>\n<\/div>\n<div class=\"a-section content\">\n<h4>Bestandteile<\/h4>\n<p>&nbsp;<\/p>\n<p>Kartoffelst\u00e4rke, Hydroxypropylmethylcellulose (Kapselh\u00fclle), Acerola Fruchtextrakt, Tagetes Bl\u00fctenextrakt, Zinkgluconat, Dunaliella Salina Algenextrakt, Calcium-L-ascorbat, D-alpha-Tocopherylacetat, Heidelbeer Fruchtextrakt, Natrium-Riboflavin-5\u2018-phosphat<\/p>\n<p>&nbsp;<\/p>\n<\/div>\n<div class=\"a-section content\">\n<h4>Gebrauchsanweisung<\/h4>\n<p>&nbsp;<\/p>\n<p>2x t\u00e4glich1 Kapsel mit etwas Fl\u00fcssigkeit zu einer Mahlzeit einnehmen.<\/p>\n<\/div>\n","protected":false},"excerpt":{"rendered":"<ul>\n<li class=\"a-spacing-mini\"><span class=\"a-list-item\">OPTIMALE AUGENN\u00c4HRSTOFFE &#8211; Der Augen Forte Komplex mit Lutein enth\u00e4lt au\u00dferdem Zeaxanthin, Vitamin A, C, E &amp; Zink, die dazu beitragen, die normale Sehkraft zu erhalten &amp; vor oxidativem Stress zu sch\u00fctzen. <\/span><\/li>\n<li class=\"a-spacing-mini\"><span class=\"a-list-item\">AUGEN-GESUNDHEIT &#8211; Wenn du viel Zeit vor dem Computer oder Handy verbringst, kann unser Nahrungserg\u00e4nzungsmittel helfen, deine Augen mit wichtigen Vitaminen zu unterst\u00fctzen &amp; zu entlasten. <\/span><\/li>\n<li class=\"a-spacing-mini\"><span class=\"a-list-item\">NAT\u00dcRLICHKEIT &#8211; Wir verk\u00f6rpern 100% Natur. Deswegen besitzt unser Augen-Nahrungserg\u00e4nzungsmittel eine vegane Formulierung &amp; ist frei von unerw\u00fcnschten Zusatzstoffen, Gluten, Hefe, Lactose, Gelatine. <\/span><\/li>\n<li class=\"a-spacing-mini\"><span class=\"a-list-item\">UMWELTFREUNDLICH &#8211; F\u00fcr eine gesunde Erde benutzen wir nur recycelte PET-Flaschen f\u00fcr unsere Augen-Support Kapseln &#8211; Au\u00dferdem pflanzen wir mit edenprojects zusammen f\u00fcr jede Bestellung einen Baum. <\/span><\/li>\n<li class=\"a-spacing-mini\"><span class=\"a-list-item\">\u00d6STERREICHISCHE QUALIT\u00c4TSMARKE &#8211; Wir stehen f\u00fcr Nahrungserg\u00e4nzungsmittel, die h\u00f6chste Qualit\u00e4tsstandards verfolgen, regional in \u00d6STERREICH produziert werden &amp; auf h\u00f6chstes fachliches Wissen bauen.<\/span><\/li>\n<\/ul>\n","protected":false},"featured_media":8382,"comment_status":"open","ping_status":"closed","template":"","meta":{"inline_featured_image":false},"product_brand":[],"product_cat":[15,90,89],"product_tag":[91,92],"class_list":{"0":"post-8355","1":"product","2":"type-product","3":"status-publish","4":"has-post-thumbnail","6":"product_cat-uncategorized","7":"product_cat-alle-produkte","8":"product_cat-augen","9":"product_tag-augen","10":"product_tag-augen-forte-komplex","12":"first","13":"instock","14":"shipping-taxable","15":"purchasable","16":"product-type-simple"},"_links":{"self":[{"href":"https:\/\/vitamin-guru.de\/index.php?rest_route=\/wp\/v2\/product\/8355","targetHints":{"allow":["GET"]}}],"collection":[{"href":"https:\/\/vitamin-guru.de\/index.php?rest_route=\/wp\/v2\/product"}],"about":[{"href":"https:\/\/vitamin-guru.de\/index.php?rest_route=\/wp\/v2\/types\/product"}],"replies":[{"embeddable":true,"href":"https:\/\/vitamin-guru.de\/index.php?rest_route=%2Fwp%2Fv2%2Fcomments&post=8355"}],"wp:featuredmedia":[{"embeddable":true,"href":"https:\/\/vitamin-guru.de\/index.php?rest_route=\/wp\/v2\/media\/8382"}],"wp:attachment":[{"href":"https:\/\/vitamin-guru.de\/index.php?rest_route=%2Fwp%2Fv2%2Fmedia&parent=8355"}],"wp:term":[{"taxonomy":"product_brand","embeddable":true,"href":"https:\/\/vitamin-guru.de\/index.php?rest_route=%2Fwp%2Fv2%2Fproduct_brand&post=8355"},{"taxonomy":"product_cat","embeddable":true,"href":"https:\/\/vitamin-guru.de\/index.php?rest_route=%2Fwp%2Fv2%2Fproduct_cat&post=8355"},{"taxonomy":"product_tag","embeddable":true,"href":"https:\/\/vitamin-guru.de\/index.php?rest_route=%2Fwp%2Fv2%2Fproduct_tag&post=8355"}],"curies":[{"name":"wp","href":"https:\/\/api.w.org\/{rel}","templated":true}]}}